e remainder when z is divided by l?
12
Let l be 7 + 3 + -6 - 1. Suppose -4*j + l*j + 20 = 0. What is the remainder when 37/1 - 1/(-1) is divided by j?
18
Let g be 6/((-146)/(-50) + -3). Let t = -249 - -362. Let r = t + g. Calculate the remainder when r is divided by 10.
8
Let a(g) = -17*g - 4. Let d(h) = 18*h + 3. Let t(z) = 4*a(z) + 5*d(z). Calculate the remainder when 61 is divided by t(1).
19
Suppose -3*p = 5*p - 48. Calculate the remainder when 14 is divided by p.
2
Let r be (-2)/(0 + (-4)/(-2)). Let w = r + 3. Calculate the remainder when 4 is divided by w.
0
Let f = 2 - -4. What is the remainder when 16 is divided by f?
4
What is the remainder when 45 is divided by 14/1 + 28/14?
13
What is the remainder when (-1)/3*(-4 - 254) is divided by 18?
14
Let d(q) = q**2 + 15*q + 45. Calculate the remainder when 55 is divided by d(-13).
17
Suppose -4*d - 5*q + 51 + 34 = 0, 2*d - 35 = -q. What is the remainder when 35 is divided by d?
5
Let n(i) = i**2 + 4*i - 6. Suppose -6 = -2*d - d. Suppose -w - 19 = -d*w - 2*y, y = -3*w + 37. What is the remainder when w is divided by n(-6)?
5
Let l(p) = -p**2 - 11*p - 5. Suppose 0 = 3*f + m + 8, 0 = -4*f + 3*f - 5*m + 16. What is the remainder when l(f) is divided by 6?
5
Let h = 31 - 9. Let l(a) = -a**2 + 11*a - 4. Calculate the remainder when h is divided by l(10).
4
Let h(l) = -l**3 - 7*l**2 + 8*l - 1. Suppose -26 = 3*t - j, t - 8 = 2*t - j. Calculate the remainder when h(t) is divided by 23.
20
Let g(d) = -14*d**3 + d + 1. Suppose -4*f - 2*x + 4 = 0, x - 20 = 6*x. Calculate the remainder when g(-1) is divided by (-2)/(-6)*72/f.
6
Suppose 4 = 2*q - 2. Suppose 7*d = -5*l + 4*d + 295, 201 = q*l - 3*d. What is the remainder when l is divided by 16?
14
Suppose y = 4*x + 22, 9*x - 6*x - 31 = -4*y. Suppose -r - 4 = c, -r + 5*c = 2*r - 12. What is the remainder when (1 - r)/((-8)/(-116)) is divided by y?
9
Suppose -5*c = -4*w - 6, -w - 4*c + 9 = -0*c. Let p be (1/3)/((-4)/(-48)). Let u(m) = -m**2 + 5*m - 3. What is the remainder when u(p) is divided by w?
0
Let u(i) = -i**3 - 6*i**2 - 4*i + 4. Calculate the remainder when u(-6) is divided by 15.
13
Suppose 2*k = 5*k - 12. Suppose -3*a + 5*r = -k, 3*a - 5*a = 5*r - 11. Suppose 12*c - 72 = 3*c. What is the remainder when c is divided by a?
2
Let p(j) = j. Let t be (-1)/(-3) + (-32)/(-3). What is the remainder when 42 is divided by p(t)?
9
Let s(a) = a**3 + 10*a**2 + 11*a + 8. Let v be s(-9). Let w(h) = -h - 1. Let l be w(v). Calculate the remainder when 52 is divided by (-52)/(-3) - (-6)/l.
16
Suppose 0 = -5*l + 5*u + 115, 4*l - 5*l + 35 = 3*u. Calculate the remainder when l is divided by 14.
12
Let y(h) = -h**2 + 14*h - 9. Suppose -2*w - 2 = 0, w + 1 = p - 9. What is the remainder when y(12) is divided by p?
6
Suppose -22 = -g - 5*m, 0 = -4*g - m + 15 + 16. Suppose q = 6*q - 65. Calculate the remainder when q is divided by g.
6
Suppose 178 = 2*l - 4*l. Let p = -62 - l. What is the remainder when p is divided by 14?
13
Let n(m) = -m**3 + 6*m**2 + m - 4. Let c be n(6). Suppose 4 = c*q - 4. Suppose 15 - 47 = -q*z. What is the remainder when 14 is divided by z?
6
Let b(f) = -f + 7. Calculate the remainder when 26 is divided by b(-7).
12
Let u(g) = 4 - g**2 + 3*g**2 + 2*g**2 + g**3 + 7*g**2 - 15*g. Calculate the remainder when u(-12) is divided by 14.
12
Suppose -196 = -4*v - 2*d, 5*v = -11*d + 16*d + 275. Calculate the remainder when v is divided by 15.
6
Let o(z) = z**3 + 2*z**2 - 3*z + 1. Let b be o(-3). Let c = b + 3. Let y = 4 - -9. What is the remainder when y is divided by c?
1
Suppose 4*i + 53 = a, 5*i + 44 + 59 = 2*a. Suppose 2*w + 4*m - 2 = 0, 4*w - 22 - 10 = -m. Suppose 4*h = 43 + w. Calculate the remainder when a is divided by h.
10
Suppose -7*m + 2*m = -2*c - 145, -c + 49 = 2*m. Calculate the remainder when 50 is divided by m.
23
Let d = -48 + 71. Calculate the remainder when d is divided by 8.
7
Let q = -9 + 11. Suppose -2*o + 16 = 2*a, 7*a = o + q*a + 4. Calculate the remainder when 20 is divided by o.
2
Let x(w) = w**3 + 5*w**2 - 6. Let q be x(-5). Let s(p) be the second derivative of -p**3/2 - 9*p**2/2 - 2*p. Calculate the remainder when s(q) is divided by 5.
4
Let x = 59 + -36. Suppose w - 3*b = 28, 3*b - 15 = -3. Suppose 52 = 4*u - 2*q, 0*q = 4*u + 4*q - w. What is the remainder when x is divided by u?
11
Suppose 0*x = -x + 1. Suppose -3*d + 8 = -x. Suppose c = -2*t + d*t + 15, -4*t = 2*c - 6. What is the remainder when 20 is divided by c?
9
Let k(y) = y - 7. Let w be k(7). Suppose w = 4*x + 20, -2*x - 3*x = 2*d + 7. What is the remainder when 16 is divided by d?
7
Let r = 12 - -3. What is the remainder when r is divided by 6?
3
Let o = -3 - 2. Suppose 12 = 5*t - 43. Calculate the remainder when t is divided by -2 - -3 - 2 - o.
3
Let d be ((-1)/2)/(2/312). What is the remainder when d/(-4)*16/24 is divided by 4?
1
What is the remainder when (-38)/((0 - 1)*1) is divided by 13?
12
Let w = -16 - -4. Calculate the remainder when (-100)/w + 2/(-6) is divided by 3.
2
Suppose 2*v + 4*p - 116 = 0, 230 = 4*v + 5*p - 2. Calculate the remainder when v is divided by 22.
14
What is the remainder when 0 + (-3 - 0) - -70 is divided by 14?
11
Let m = 10 - 16. What is the remainder when m*(-1 + (-14)/6) is divided by 0 + (-1)/2 + 207/18?
9
What is the remainder when -161*(-1 - (4 + -3 + -1)) is divided by 27?
26
Let c(r) = -r**3 + 7*r**2 + 11*r - 2. Let u be (1 + -2)/(2/42). Let w = -13 - u. Calculate the remainder when 43 is divided by c(w).
21
Suppose -11*c + 14*c - 12 = 0. Suppose 0 = r - 3, -c*o - r = -6*r - 293. What is the remainder when o is divided by 16?
13
Let h = 42 - 28. Suppose 43 + 20 = 3*i + 2*g, 42 = 2*i + 2*g. Let r = i - h. What is the remainder when r is divided by 5?
2
Suppose 14 = 3*g - 4*b - 51, -60 = -3*g + 3*b. Calculate the remainder when 26 is divided by g.
11
Suppose 2*q - 100 = -3*q. Suppose -2*a + 7*a - 5*i = 20, i = 5*a - q. What is the remainder when 1/(2 - 22/12) is divided by a?
2
Let p(c) = -3*c**3 - 3*c**2 - 3*c - 1. Let b = 32 - 23. What is the remainder when p(-2) is divided by b?
8
Suppose -d - 8 = -3*d. Suppose a - 4*a = -57. What is the remainder when a is divided by 9 - (-3 + -2 + d)?
9
Let a(s) be the second derivative of s**4/12 + 2*s**3/3 + 5*s**2/2 - 2*s. Calculate the remainder when a(-5) is divided by 4.
2
Let z = -2 - -4. Suppose s + z*s = 27. Calculate the remainder when s is divided by 4.
1
Let c = -187 - -208. Calculate the remainder when c is divided by 11.
10
Let z(o) = o**2 - 4*o - 1. Calculate the remainder when z(7) is divided by 14.
6
Suppose -8*j + 164 = 52. What is the remainder when (-4)/(-3)*162/4 is divided by j?
12
Let y = -101 - -43. Let g = -38 + 81. What is the remainder when g is divided by (-3)/(-6) - y/4?
13
Let b(h) = -h**3 - 6*h**2 - h - 8. Let z be b(-6). Let s(l) = 2*l**2 - l + 2. Let a be s(z). What is the remainder when 29 is divided by a + 3 - 2 - -2?
14
Let z(x) = x**2 + 4*x - 2. Let c be z(-5). Suppose 2*k + 1 = c. Suppose 0 = -2*i - k + 5. What is the remainder when 5 is divided by i?
1
Suppose 2*y = -2*h, 3*y + 5*h = -y - 4. Suppose -120 = -y*a - 32. What is the remainder when 64 is divided by a?
20
Suppose 0*i = -18*i + 612. What is the remainder when i is divided by 4?
2
Let i = -126 - -133. Calculate the remainder when 88 is divided by i.
4
What is the remainder when (-134)/(-5) - (-16)/80 is divided by 10?
7
Let g(o) = 8*o**2 - 5*o - 1. Calculate the remainder when g(-2) is divided by 11.
8
Let l be 2/(-8) - 1/(-4). Suppose -4*f + 5*p - 30 - 83 = l, -5*f + 5*p = 140. Let z = f - -74. What is the remainder when z is divided by 16?
15
Suppose 2*f = 3*c - 4, 4*c - 2 - 6 = 2*f. Let p(x) = -x + 1. What is the remainder when p(-11) is divided by c?
0
Let l = -4 - -6. Let g = 15 + l. Calculate the remainder when g is divided by 9.
8
Calculate the remainder when 103 is divided by (14 - -7)*(1 - (-10)/14).
31
Let y(b) = 11*b**2 + b + 1. Suppose -5*r - 31 = 5*s - 6, 5*r - 2*s = 3. What is the remainder when 31 is divided by y(r)?
9
Suppose -w - 22 = -3*w. What is the remainder when 27 is divided by w?
5
Suppose -36 = 5*v - 221. Let n(b) = b**2 - 6*b - 20. What is the remainder when v is divided by n(10)?
17
Suppose 5*j = 3*p + 57, 7 = -2*j + j - 4*p. Suppose -3*m - 2 = -3*u + 13, 0 = u + 3